 (base 12) to base 2.
-111010010110010
What is 122412 (base 6) in base 4?
2223020
Convert 4466 (base 12) to base 4.
1312032
What is 1107 (base 8) in base 12?
407
100 (base 2) to base 15
4
Convert 362 (base 10) to base 14.
1bc
What is -593 (base 13) in base 4?
-33011
-100 (base 8) to base 16
-40
What is -23130 (base 4) in base 12?
-510
What is -11100101 (base 2) in base 13?
-148
-2415 (base 7) to base 11
-743
-10101 (base 5) to base 9
-803
Convert 14141 (base 7) to base 4.
330023
143506 (base 7) to base 13
c7b1
13445 (base 11) to base 10
19167
Convert 9225 (base 12) to base 10.
15869
Convert -2132310 (base 4) to base 11.
-7700
-3010 (base 4) to base 14
-100
Convert -3414 (base 5) to base 2.
-111100100
1827 (base 10) to base 5
24302
Convert 17a3 (base 12) to base 4.
230223
343055 (base 6) to base 2
111001000001011
What is 3323 (base 4) in base 3?
100022
10202102 (base 3) to base 8
5262
What is -6304 (base 7) in base 10?
-2209
-1188 (base 12) to base 15
-8bb
-114 (base 6) to base 10
-46
Convert -376 (base 11) to base 10.
-446
9165 (base 11) to base 3
121200210
-220220 (base 3) to base 4
-22200
12200 (base 5) to base 10
925
-401c (base 15) to base 11
-a188
-1b6 (base 12) to base 3
-101110
What is 36 (base 14) in base 9?
53
Convert -2344432 (base 5) to base 4.
-22223132
-2011 (base 5) to base 2
-100000000
What is -1411 (base 7) in base 12?
-397
What is 17402 (base 9) in base 2?
10111011010110
1f6 (base 16) to base 7
1315
What is 27a0 (base 16) in base 8?
23640
-12053 (base 6) to base 9
-2366
Convert 66 (base 12) to base 16.
4e
What is -1777 (base 9) in base 6?
-10154
Convert -113004 (base 6) to base 14.
-3788
Convert 1865 (base 10) to base 13.
b06
672 (base 8) to base 5
3232
What is 1031213 (base 4) in base 11?
3806
-22023 (base 9) to base 13
-6852
18d1 (base 14) to base 16
118f
What is -57688 (base 11) in base 4?
-110112100
-434 (base 12) to base 14
-320
-203a (base 11) to base 9
-3635
What is -14342 (base 7) in base 2?
-111101101110
Convert 110010000110 (base 2) to base 10.
3206
-305 (base 14) to base 3
-210222
What is -20502 (base 10) in base 12?
-ba46
-7511 (base 9) to base 3
-21120101
What is -2022021202 (base 3) in base 10?
-45407
What is 1612 (base 8) in base 9?
1216
What is 2237 (base 16) in base 14?
3299
What is -3882 (base 9) in base 15?
-cde
100011000 (base 2) to base 9
341
What is 11749 (base 12) in base 15?
6e89
Convert 1000110100 (base 2) to base 16.
234
Convert -27331 (base 8) to base 10.
-11993
11110101 (base 2) to base 4
3311
Convert 1bc45 (base 14) to base 15.
16093
Convert 1103102 (base 4) to base 10.
5330
What is 10022 (base 4) in base 7?
530
What is -14872 (base 10) in base 2?
-11101000011000
10122232 (base 4) to base 10
18094
Convert b21 (base 12) to base 10.
1609
11224 (base 8) to base 11
3634
What is -101110010 (base 2) in base 8?
-562
1000111101110 (base 2) to base 6
33130
Convert -1677 (base 15) to base 7.
-20050
What is 332 (base 15) in base 16?
2d2
10110000 (base 2) to base 14
c8
-652 (base 13) to base 6
-5001
Convert 10524 (base 6) to base 4.
113110
What is 9623 (base 16) in base 10?
38435
1acc9 (base 14) to base 16
10b21
Convert -315 (base 13) to base 3.
-201110
Convert -1001010001 (base 2) to base 14.
-305
Convert -237 (base 10) to base 13.
-153
Convert -e (base 16) to base 9.
-15
84 (base 9) to base 6
204
What is eb0 (base 15) in base 10?
3315
What is 4231 (base 6) in base 13?
586
-1d8 (base 15) to base 12
-2b8
What is -43 (base 9) in base 4?
-213
Convert 14353 (base 10) to base 4.
3200101
324441 (base 5) to base 7
44534
Convert -211211220 (base 3) to base 12.
-9780
What is 46743 (base 8) in base 6?
232151
Convert 11010011 (base 2) to base 4.
3103
What is 1100110 (base 2) in base 8?
146
Convert -1515 (base 6) to base 7.
-1121
-31212300 (base 4) to base 6
-1110000
Convert 467 (base 14) to base 2.
1101101011
What is -32271 (base 8) in base 11?
-a160
What is 4232 (base 5) in base 12?
3b3
18956 (base 11) to base 12
13373
Convert 1024 (base 7) to base 12.
261
What is -53424 (base 6) in base 2?
-1110001111000
What is 144 (base 11) in base 2?
10101001
-3ba5 (base 13) to base 16
-2189
What is -236a (base 15) in base 16?
-1d65
Convert 65441 (base 8) to base 5.
1334200
What is 14455 (base 6) in base 5?
33324
Convert 4c0a (base 13) to base 4.
2221022
Convert 1200000010 (base 3) to base 15.
9ac3
Convert 10020134 (base 5) to base 2.
10011011000111011
122141 (base 5) to base 3
20102000
-1431 (base 8) to base 6
-3401
Convert -45050 (base 6) to base 12.
-3786
Convert -1021133 (base 4) to base 12.
-287b
What is 7b3 (base 13) in base 12?
929
1110200 (base 3) to base 2
10000101111
Convert 21061 (base 11) to base 9.
46068
-66b5 (base 15) to base 12
-10722
872 (base 16) to base 3
2222002
What is -9ee (base 15) in base 9?
-3068
Convert -122100 (base 3) to base 9.
-570
13310 (base 4) to base 3
200112
4b0 (base 15) to base 6
4533
What is 330 (base 11) in base 12?
290
What is -a0a (base 11) in base 4?
-103010
What is 1001110010101001 (base 2) in base 7?
224632
83 (base 12) to base 9
120
Convert -13003 (base 7) to base 14.
-1373
Convert 220000 (base 3) to base 16.
288
What is 87 (base 9) in base 15?
54
Convert 1159c (base 14) to base 15.
c7d8
What is -1f3 (base 16) in base 8?
-763
What is -1673 (base 10) in base 14?
-877
What is -11001010000 (base 2) in base 10?
-1616
Convert -571 (base 13) to base 16.
-3a9
What is -57131 (base 10) in base 9?
-86328
Convert 137 (base 9) to base 10.
115
What is -1123 (base 12) in base 5?
-30044
What is -684 (base 10) in base 3?
-221100
3253 (base 12) to base 15
1990
-668 (base 9) to base 3
-202022
Convert -31a0 (base 12) to base 5.
-133243
Convert -1994 (base 12) to base 9.
-4264
What is -95 (base 13) in base 8?
-172
Convert 636 (base 7) to base 2.
101000001
What is -22002211 (base 3) in base 12?
-3504
What is -298 (base 10) in base 5?
-2143
What is -245 (base 15) in base 6?
-2215
What is -2022 (base 14) in base 2?
-1010110001110
-2575 (base 12) to base 5
-114030
100110000110 (base 2) to base 12
14b2
Convert 11012 (base 3) to base 16.
71
304110 (base 6) to base 9
36216
Convert -605 (base 9) to base 4.
-13223
What is -1a72 (base 16) in base 14?
-2678
6907 (base 11) to base 6
110014
-d6a (base 16) to base 7
-13004
-1024 (base 5) to base 4
-2023
What is 123b4 (base 16) in base 3?
10210102210
Convert 8a7 (base 12) to base 13.
775
What is -1660 (base 8) in base 4?
-32300
47564 (base 10) to base 12
23638
What is -163 (base 9) in base 12?
-b6
Convert 322113 (base 4) to base 11.
2896
132235 (base 6) to base 11
9183
Convert -3733 (base 12) to base 2.
-1100001010111
1001101010110101 (base 2) to base 8
115265
Convert 3121 (base 5) to base 13.
258
-1203 (base 5) to base 11
-152
Convert -110011000001110 (base 2) to base 9.
-38748
What is 6174 (base 10) in base 3?
22110200
Convert -1121002 (base 3) to base 9.
-1532
What is 54 (base 7) in base 6?
103
What is ba3 (base 12) in base 11?
1312
Convert 511 (base 9) to base 12.
2a7
Convert -10010000010 (base 2) to base 14.
-5c6
Convert -101101100010100 (base 2) to base 10.
-23316
What is -1268 (base 12) in base 15?
-94b
-122121 (base 3) to base 15
-21a
392 (base 10) to base 11
327
-322 (base 16) to base 4
-30202
Convert -701 (base 10) to base 16.
-2bd
What is -144f (base 16) in base 6?
-40023
Convert 110010001101 (base 2) to base 6.
22513
Convert -2002220 (base 3) to base 6.
-11040
-1121 (base 6) to base 8
-411
What is -73 (base 15) in base 7?
-213
Convert -871 (base 10) to base 12.
-607
-125124 (base 7) to base 2
-101101101011111
Convert -4824 (base 14) to base 3.
-122020210
What is -33161 (base 7) in base 16?
-2084
What is 367 (base 15) in base 13?
475
Convert 7324 (base 9) to base 5.
132433
What is -67050 (base 10) in base 16?
-105ea
What is -8468 (base 10) in base 6?
-103112
Convert -3022 (base 8) to base 15.
-6d9
Convert -cfa5 (base 16) to base 4.
-30332211
-1110101111 (base 2) to base 12
-667
Convert 697 (base 10) to base 12.
4a1
Convert c13 (base 13) to base 3.
2210201
-4a30 (base 11) to base 4
-1212213
Convert -41758 (base 11) to base 5.
-3421210
Convert -12211 (base 3) to base 8.
-235
Convert -433012 (base 5) to base 11.
-100a6
What is -11011001110000 (base 2) in base 8?
-33160
-142434 (base 6) to base 11
-a206
-2aa (base 14) to base 8
-1036
1011111001011010 (base 2) 